{"id":1742,"date":"2020-12-24T13:04:31","date_gmt":"2020-12-24T12:04:31","guid":{"rendered":"http:\/\/www.beyssac-belleaucourt.fr\/?page_id=1742"},"modified":"2020-12-24T13:04:32","modified_gmt":"2020-12-24T12:04:32","slug":"politica-de-confidencialidad","status":"publish","type":"page","link":"https:\/\/www.beyssac-belleaucourt.fr\/?page_id=1742&lang=es","title":{"rendered":"pol\u00edtica de confidencialidad"},"content":{"rendered":"<p>[et_pb_section fb_built=\u00a0\u00bb1&Prime; admin_label=\u00a0\u00bbsection\u00a0\u00bb _builder_version=\u00a0\u00bb4.7.7&Prime; min_height=\u00a0\u00bb1441px\u00a0\u00bb][et_pb_row admin_label=\u00a0\u00bbfila\u00a0\u00bb _builder_version=\u00a0\u00bb4.7.7&Prime; background_size=\u00a0\u00bbinitial\u00a0\u00bb background_position=\u00a0\u00bbtop_left\u00a0\u00bb background_repeat=\u00a0\u00bbrepeat\u00a0\u00bb min_height=\u00a0\u00bb1357px\u00a0\u00bb][et_pb_column type=\u00a0\u00bb4_4&Prime; _builder_version=\u00a0\u00bb4.7.7&Prime; custom_padding=\u00a0\u00bb|||\u00a0\u00bb custom_padding__hover=\u00a0\u00bb|||\u00a0\u00bb][et_pb_text _builder_version=\u00a0\u00bb4.7.7&Prime; _module_preset=\u00a0\u00bbdefault\u00a0\u00bb hover_enabled=\u00a0\u00bb0&Prime; sticky_enabled=\u00a0\u00bb0&Prime;]<\/p>\n<h2>1 &#8211; Edici\u00f3n del sitio<\/h2>\n<p>&nbsp;<\/p>\n<p>&nbsp;<\/p>\n<p>En virtud de<a href=\"https:\/\/www.legifrance.gouv.fr\/affichTexte.do?cidTexte=JORFTEXT000000801164#LEGIARTI000042038977\" target=\"_blank\" rel=\"noreferrer noopener\"> art\u00edculo 6 de la ley n \u00b0 2004-575 de 21 de junio de 2004<\/a> para la confianza en la econom\u00eda digital, los usuarios del sitio web est\u00e1n informados<a href=\"https:\/\/la-webeuse.com\/generateur-mentions-legales\/www.beyssac-belleaucourt.fr\"> www.beyssac-belleaucourt.fr<\/a> la identidad de las distintas partes interesadas en el contexto de su implementaci\u00f3n y seguimiento:<\/p>\n<p>&nbsp;<\/p>\n<p>&nbsp;<\/p>\n<p><strong>Due\u00f1o del Sitio:<\/strong> AGRO-3F &#8211; Contacto: olivier.debeyssac@beyssac.eu +33 (0) 6 03 12 40 47 &#8211; Direcci\u00f3n: 1 Place de l&rsquo;Eglise, 51390 Coulommes la Montagne.<\/p>\n<p>&nbsp;<\/p>\n<p>&nbsp;<\/p>\n<p><strong>Identificaci\u00f3n de la compa\u00f1ia :<\/strong> SAS AGRO-3F con un capital social de 5.000 \u20ac &#8211; SIREN: 849 403 407 &#8211; RCS o RM: 849 403 407 &#8211; Direcci\u00f3n postal: 1 Place de l&rsquo;Eglise, 51390 Coulommes la Montagne.<\/p>\n<p>&nbsp;<\/p>\n<p>&nbsp;<\/p>\n<p><strong>Director de publicaci\u00f3n:<\/strong> &#8211; Contacto: Olivier de Beyssac.<\/p>\n<p>&nbsp;<\/p>\n<p>&nbsp;<\/p>\n<p><strong>Anfitri\u00f3n:<\/strong> OVH SAS &#8211; 2 rue Kellermann &#8211; BP 80157 &#8211; 59053 Roubaix Cedex 1 &#8211; Tel\u00e9fono: 1007<\/p>\n<p>&nbsp;<\/p>\n<p>&nbsp;<\/p>\n<p><strong>Delegado de protecci\u00f3n de datos:<\/strong> Olivier de Beyssac &#8211; olivier.debeyssac@beyssac.eu<\/p>\n<p>&nbsp;<\/p>\n<p>&nbsp;<\/p>\n<p><strong>Otros colaboradores:<\/strong> Los avisos legales son proporcionados por<a rel=\"noreferrer noopener\" href=\"https:\/\/la-webeuse.com\/generateur-mentions-legales\/\" target=\"_blank\"> el generador de avisos legales de La Webeuse<\/a> . Olivier de Beyssac.<\/p>\n<p>&nbsp;<\/p>\n<p>&nbsp;<\/p>\n<hr class=\"wp-block-separator\">\n<p>&nbsp;<\/p>\n<p>&nbsp;<\/p>\n<h2>2 &#8211; Propiedad intelectual y falsificaciones.<\/h2>\n<p>&nbsp;<\/p>\n<p>&nbsp;<\/p>\n<p><strong>AGRO-3F<\/strong> es titular de los derechos de propiedad intelectual y ostenta los derechos de uso sobre todos los elementos accesibles en el sitio web, en particular los textos, im\u00e1genes, gr\u00e1ficos, logotipos, v\u00eddeos, arquitectura, iconos y sonidos.<\/p>\n<p>&nbsp;<\/p>\n<p>&nbsp;<\/p>\n<p>Cualquier reproducci\u00f3n, representaci\u00f3n, modificaci\u00f3n, publicaci\u00f3n, adaptaci\u00f3n de la totalidad o parte de los elementos del sitio, cualquiera que sea el medio o proceso utilizado, est\u00e1 prohibida sin el consentimiento previo por escrito de<strong> AGRO-3F<\/strong> .<\/p>\n<p>&nbsp;<\/p>\n<p>&nbsp;<\/p>\n<p>Cualquier uso no autorizado del sitio o de cualquiera de los elementos que contiene ser\u00e1 considerado como una infracci\u00f3n y ser\u00e1 perseguido de acuerdo con las disposiciones de los art\u00edculos.<a href=\"https:\/\/www.legifrance.gouv.fr\/affichCodeArticle.do?idArticle=LEGIARTI000032655082&amp;cidTexte=LEGITEXT000006069414&amp;dateTexte=20160605\" target=\"_blank\" rel=\"noreferrer noopener\"> L.335-2 y siguientes del C\u00f3digo de Propiedad Intelectual<\/a> .<\/p>\n<p>&nbsp;<\/p>\n<p>&nbsp;<\/p>\n<hr class=\"wp-block-separator\">\n<p>&nbsp;<\/p>\n<p>&nbsp;<\/p>\n<h2>3 &#8211; Limitaciones de responsabilidad.<\/h2>\n<p>&nbsp;<\/p>\n<p>&nbsp;<\/p>\n<p><strong>AGRO-3F<\/strong> no se hace responsable de ning\u00fan da\u00f1o directo o indirecto causado al equipo del usuario al acceder al sitio<a href=\"https:\/\/la-webeuse.com\/generateur-mentions-legales\/www.beyssac-belleaucourt.fr\"> www.beyssac-belleaucourt.fr<\/a> .<\/p>\n<p>&nbsp;<\/p>\n<p>&nbsp;<\/p>\n<p><strong>AGRO-3F<\/strong> declina cualquier responsabilidad por el uso que pudiera hacerse de la informaci\u00f3n y contenidos presentes en<a href=\"https:\/\/la-webeuse.com\/generateur-mentions-legales\/www.beyssac-belleaucourt.fr\"> www.beyssac-belleaucourt.fr<\/a> .<\/p>\n<p>&nbsp;<\/p>\n<p>&nbsp;<\/p>\n<p><strong>AGRO-3F<\/strong> se compromete a hacer el sitio lo m\u00e1s seguro posible<a href=\"https:\/\/la-webeuse.com\/generateur-mentions-legales\/www.beyssac-belleaucourt.fr\"> www.beyssac-belleaucourt.fr<\/a> , sin embargo, no se puede cuestionar su responsabilidad si se importan e instalan datos no deseados en su sitio sin su conocimiento.<\/p>\n<p>&nbsp;<\/p>\n<p>&nbsp;<\/p>\n<p>Los espacios interactivos (de contacto o de comentarios) est\u00e1n disponibles para los usuarios.<strong> AGRO-3F<\/strong> se reserva el derecho de eliminar, sin previo aviso, cualquier contenido publicado en este espacio que viole la ley aplicable en Francia, en particular las disposiciones relativas a la protecci\u00f3n de datos.<\/p>\n<p>&nbsp;<\/p>\n<p>&nbsp;<\/p>\n<p>Llegado el caso,<strong> AGRO-3F<\/strong> tambi\u00e9n se reserva el derecho a cuestionar la responsabilidad civil y \/ o penal del usuario, en particular en caso de mensaje racista, abusivo, difamatorio o pornogr\u00e1fico, sea cual sea el medio utilizado (texto, fotograf\u00eda, etc.).<\/p>\n<p>&nbsp;<\/p>\n<p>&nbsp;<\/p>\n<hr class=\"wp-block-separator\">\n<p>&nbsp;<\/p>\n<p>&nbsp;<\/p>\n<h2>4 &#8211; CNIL y gesti\u00f3n de datos personales.<\/h2>\n<p>&nbsp;<\/p>\n<p>&nbsp;<\/p>\n<p>De acuerdo con las disposiciones de<a rel=\"noreferrer noopener\" href=\"https:\/\/www.legifrance.gouv.fr\/affichTexte.do?cidTexte=JORFTEXT000000886460\" target=\"_blank\"> ley modificada 78-17 de 6 de enero de 1978<\/a> , el usuario del sitio<a href=\"https:\/\/la-webeuse.com\/generateur-mentions-legales\/www.beyssac-belleaucourt.fr\"> www.beyssac-belleaucourt.fr<\/a> tiene derecho a acceder, modificar y eliminar la informaci\u00f3n recopilada. Para ejercer este derecho, env\u00ede un mensaje a nuestro Delegado de Protecci\u00f3n de Datos:<strong> Olivier de Beyssac<\/strong> &#8211;<strong> olivier.debeyssac@beyssac.eu<\/strong> .<\/p>\n<p>&nbsp;<\/p>\n<p>&nbsp;<\/p>\n<p>Para obtener m\u00e1s informaci\u00f3n sobre c\u00f3mo procesamos sus datos (tipo de datos, finalidad, destinatario &#8230;), lea nuestro<a href=\"https:\/\/beyssac-belleaucourt\/politique-de-confidentialite\"> Pol\u00edtica de confidencialidad<\/a> .<\/p>\n<p>&nbsp;<\/p>\n<p>&nbsp;<\/p>\n<p>Tambi\u00e9n es posible<a href=\"https:\/\/www.cnil.fr\/fr\/plaintes\" target=\"_blank\" rel=\"noreferrer noopener\"> presentar una denuncia ante la CNIL<\/a> .<\/p>\n<p>&nbsp;<\/p>\n<p>&nbsp;<\/p>\n<hr class=\"wp-block-separator\">\n<p>&nbsp;<\/p>\n<p>&nbsp;<\/p>\n<h2>5 &#8211; Enlaces de hipertexto y cookies<\/h2>\n<p>&nbsp;<\/p>\n<p>&nbsp;<\/p>\n<p>El sitio<a href=\"http:\/\/www.beyssac-belleaucourt.fr\/?lang=es\"> www.beyssac-belleaucourt.fr<\/a> contiene enlaces de hipertexto a otros sitios y renuncia a toda responsabilidad por estos enlaces externos o enlaces creados por otros sitios para<a href=\"http:\/\/www.beyssac-belleaucourt.fr\/?lang=es\"> www.beyssac-belleaucourt.fr<\/a> .<\/p>\n<p>&nbsp;<\/p>\n<p>&nbsp;<\/p>\n<p>Sitio de navegacion<a href=\"https:\/\/la-webeuse.com\/generateur-mentions-legales\/www.beyssac-belleaucourt.fr\"> www.beyssac-belleaucourt.fr<\/a> puede provocar la instalaci\u00f3n de cookies en la computadora del usuario.<\/p>\n<p>&nbsp;<\/p>\n<p>&nbsp;<\/p>\n<p>Una \u00ab\u00a0cookie\u00a0\u00bb es un peque\u00f1o archivo que registra informaci\u00f3n relacionada con la navegaci\u00f3n de un usuario en un sitio. Los datos as\u00ed obtenidos permiten obtener medidas de asistencia, por ejemplo.<\/p>\n<p>&nbsp;<\/p>\n<p>&nbsp;<\/p>\n<p>Tienes la posibilidad<strong> aceptar o rechazar cookies<\/strong> modificando la configuraci\u00f3n de su navegador. No se colocar\u00e1 ninguna cookie sin su consentimiento.<\/p>\n<p>&nbsp;<\/p>\n<p>&nbsp;<\/p>\n<p>Las cookies se guardan durante un m\u00e1ximo de 1 mes.<\/p>\n<p>&nbsp;<\/p>\n<p>&nbsp;<\/p>\n<p>Para obtener m\u00e1s informaci\u00f3n sobre c\u00f3mo utilizamos las cookies, lea nuestro<a href=\"https:\/\/beyssac-belleaucourt\/politique-de-confidentialite\"> Pol\u00edtica de confidencialidad<\/a> .<\/p>\n<p>&nbsp;<\/p>\n<p>&nbsp;<\/p>\n<hr class=\"wp-block-separator\">\n<p>&nbsp;<\/p>\n<p>&nbsp;<\/p>\n<h2>6 &#8211; Ley aplicable y atribuci\u00f3n de jurisdicci\u00f3n.<\/h2>\n<p>&nbsp;<\/p>\n<p>&nbsp;<\/p>\n<p>Cualquier disputa relacionada con el uso del sitio.<a href=\"https:\/\/la-webeuse.com\/generateur-mentions-legales\/www.beyssac-belleaucourt.fr\"> www.beyssac-belleaucourt.fr<\/a> est\u00e1 sujeto a la ley francesa. Salvo en los casos en que la ley no lo permita, la jurisdicci\u00f3n exclusiva se atribuye a los tribunales competentes de<strong> Reims<\/strong> .<\/p>\n<p>&nbsp;<\/p>\n<p>[\/et_pb_text][\/et_pb_column][\/et_pb_row][\/et_pb_section]<\/p>\n","protected":false},"excerpt":{"rendered":"<p>[et_pb_section fb_built=\u00a0\u00bb1&Prime; admin_label=\u00a0\u00bbsection\u00a0\u00bb _builder_version=\u00a0\u00bb4.7.7&Prime; min_height=\u00a0\u00bb1441px\u00a0\u00bb][et_pb_row admin_label=\u00a0\u00bbfila\u00a0\u00bb _builder_version=\u00a0\u00bb4.7.7&Prime; background_size=\u00a0\u00bbinitial\u00a0\u00bb background_position=\u00a0\u00bbtop_left\u00a0\u00bb background_repeat=\u00a0\u00bbrepeat\u00a0\u00bb min_height=\u00a0\u00bb1357px\u00a0\u00bb][et_pb_column type=\u00a0\u00bb4_4&Prime; _builder_version=\u00a0\u00bb4.7.7&Prime; custom_padding=\u00a0\u00bb|||\u00a0\u00bb custom_padding__hover=\u00a0\u00bb|||\u00a0\u00bb][et_pb_text _builder_version=\u00a0\u00bb4.7.7&Prime; _module_preset=\u00a0\u00bbdefault\u00a0\u00bb hover_enabled=\u00a0\u00bb0&Prime; sticky_enabled=\u00a0\u00bb0&Prime;] 1 &#8211; Edici\u00f3n del sitio &nbsp; &nbsp; En virtud de art\u00edculo 6 de la ley n \u00b0 2004-575 de 21 de junio de 2004 para la confianza en la econom\u00eda digital, los usuarios del sitio web [&hellip;]<\/p>\n","protected":false},"author":1,"featured_media":0,"parent":0,"menu_order":0,"comment_status":"closed","ping_status":"open","template":"","meta":{"_et_pb_use_builder":"on","_et_pb_old_content":"","_et_gb_content_width":""},"_links":{"self":[{"href":"https:\/\/www.beyssac-belleaucourt.fr\/index.php?rest_route=\/wp\/v2\/pages\/1742"}],"collection":[{"href":"https:\/\/www.beyssac-belleaucourt.fr\/index.php?rest_route=\/wp\/v2\/pages"}],"about":[{"href":"https:\/\/www.beyssac-belleaucourt.fr\/index.php?rest_route=\/wp\/v2\/types\/page"}],"author":[{"embeddable":true,"href":"https:\/\/www.beyssac-belleaucourt.fr\/index.php?rest_route=\/wp\/v2\/users\/1"}],"replies":[{"embeddable":true,"href":"https:\/\/www.beyssac-belleaucourt.fr\/index.php?rest_route=%2Fwp%2Fv2%2Fcomments&post=1742"}],"version-history":[{"count":5,"href":"https:\/\/www.beyssac-belleaucourt.fr\/index.php?rest_route=\/wp\/v2\/pages\/1742\/revisions"}],"predecessor-version":[{"id":1747,"href":"https:\/\/www.beyssac-belleaucourt.fr\/index.php?rest_route=\/wp\/v2\/pages\/1742\/revisions\/1747"}],"wp:attachment":[{"href":"https:\/\/www.beyssac-belleaucourt.fr\/index.php?rest_route=%2Fwp%2Fv2%2Fmedia&parent=1742"}],"curies":[{"name":"wp","href":"https:\/\/api.w.org\/{rel}","templated":true}]}}